{"id":14341,"date":"2023-11-02T13:48:07","date_gmt":"2023-11-02T13:48:07","guid":{"rendered":"https:\/\/tiemaocole.com\/?post_type=product&#038;p=14341"},"modified":"2023-11-18T03:29:18","modified_gmt":"2023-11-18T03:29:18","slug":"hoodie-gia-dinh-noel-xanh-ket","status":"publish","type":"product","link":"https:\/\/tiemaocole.com\/?product=hoodie-gia-dinh-noel-xanh-ket","title":{"rendered":"Hoodie gia \u0111\u00ecnh Noel xanh k\u00e9t"},"content":{"rendered":"<p>\u00c1o sweater gia \u0111\u00ecnh l\u00e0 lo\u1ea1i \u00e1o d\u00f9ng ch\u1ea5t li\u1ec7u n\u1ec9 da c\u00e1. \u00c1o c\u00f3 thi\u1ebft k\u1ebf \u0111\u01a1n gi\u1ea3n, d\u1ec5 m\u1eb7c, ph\u00f9 h\u1ee3p cho c\u1ea3 nam v\u00e0 n\u1eef, c\u00f9ng v\u1edbi tr\u1ebb em. \u00c1o c\u00f3 th\u1ec3 c\u00f3 nhi\u1ec1u m\u00e0u s\u1eafc kh\u00e1c nhau, t\u00f9y thu\u1ed9c v\u00e0o s\u1edf th\u00edch c\u1ee7a gia \u0111\u00ecnh. C\u00f3 th\u1ec3 th\u1ea5y nhi\u1ec1u h\u00ecnh \u1ea3nh v\u00e0 k\u00fd hi\u1ec7u tr\u00ean \u00e1o, nh\u01b0 t\u00ean c\u1ee7a gia \u0111\u00ecnh, h\u00ecnh \u1ea3nh c\u00e1c th\u00e0nh vi\u00ean gia \u0111\u00ecnh ho\u1eb7c c\u00e1c th\u00f4ng \u0111i\u1ec7p kh\u00e1c. \u00c1o sweater gia \u0111\u00ecnh l\u00e0 m\u1ed9t c\u00e1ch tuy\u1ec7t v\u1eddi \u0111\u1ec3 gia \u0111\u00ecnh th\u1ec3 hi\u1ec7n t\u00ecnh y\u00eau v\u00e0 s\u1ef1 \u0111o\u00e0n k\u1ebft c\u1ee7a m\u00ecnh.<\/p>\n","protected":false},"excerpt":{"rendered":"<div dir=\"auto\">D\u00d9 AI N\u00d3I NG\u1ea2 N\u00d3I NGHI\u00caNG TH\u00cc EM N\u00d3 V\u1eaaN CH\u01afA BAO GI\u1edc NG\u01afNG HOT<span class=\"x3nfvp2 x1j61x8r x1fcty0u xdj266r xhhsvwb xat24cr xgzva0m xxymvpz xlup9mm x1kky2od\"><img loading=\"lazy\" decoding=\"async\" class=\"xz74otr\" src=\"https:\/\/static.xx.fbcdn.net\/images\/emoji.php\/v9\/t89\/2\/16\/1f970.png\" alt=\"\ud83e\udd70\" width=\"16\" height=\"16\" \/><\/span><span class=\"x3nfvp2 x1j61x8r x1fcty0u xdj266r xhhsvwb xat24cr xgzva0m xxymvpz xlup9mm x1kky2od\"><img loading=\"lazy\" decoding=\"async\" class=\"xz74otr\" src=\"https:\/\/static.xx.fbcdn.net\/images\/emoji.php\/v9\/t89\/2\/16\/1f970.png\" alt=\"\ud83e\udd70\" width=\"16\" height=\"16\" \/><\/span><span class=\"x3nfvp2 x1j61x8r x1fcty0u xdj266r xhhsvwb xat24cr xgzva0m xxymvpz xlup9mm x1kky2od\"><img loading=\"lazy\" decoding=\"async\" class=\"xz74otr\" src=\"https:\/\/static.xx.fbcdn.net\/images\/emoji.php\/v9\/t89\/2\/16\/1f970.png\" alt=\"\ud83e\udd70\" width=\"16\" height=\"16\" \/><\/span><\/div>\n<div dir=\"auto\">&#8212;&#8212;<\/div>\n<div dir=\"auto\">Ti\u1ec7m \u00e1o C\u1edd L\u00ea<\/div>\n<div dir=\"auto\">162 Kh\u01b0\u01a1ng \u0110\u00ecnh &#8211; Thanh Xu\u00e2n &#8211; H\u00e0 N\u1ed9i<\/div>\n<div dir=\"auto\">&#8212;&#8212;-<\/div>\n<div dir=\"auto\">Hotline &#8211; Zalo<\/div>\n<div dir=\"auto\">0866277668<\/div>\n<div dir=\"auto\">Chuy\u00ean \u00e1o \u0111\u1ed3ng ph\u1ee5c- \u00e1o l\u1edbp &#8211; \u00e1o nh\u00f3m &#8211; \u00e1o in theo y\u00eau c\u1ea7u<\/div>\n<div dir=\"auto\"><a class=\"x1i10hfl xjbqb8w x6umtig x1b1mbwd xaqea5y xav7gou x9f619 x1ypdohk xt0psk2 xe8uvvx xdj266r x11i5rnm xat24cr x1mh8g0r xexx8yu x4uap5 x18d9i69 xkhd6sd x16tdsg8 x1hl2dhg xggy1nq x1a2a7pz xt0b8zv x1qq9wsj xo1l8bm\" tabindex=\"0\" role=\"link\" href=\"https:\/\/www.facebook.com\/hashtag\/aolop?__eep__=6&amp;__cft__[0]=AZW_wegapf08MeUV2CJ3ClYu7ZCWgrFLTA16YDfto4UbKXBYGX8b8cOS27wCuSOB9idJsRKNsd-aMJnrln2hFiHdUbvTYwfOkKtVzAlc_zpzhfkhErWkfa-GTUIoGcRrXCSnndJc7GbfvqQZWd_vd15tOlGGIw-Ri_0qVyDWMwzT1orfhnvwQQUbbb_xTr8hVbo&amp;__tn__=*NK-R\">#aolop<\/a> <a class=\"x1i10hfl xjbqb8w x6umtig x1b1mbwd xaqea5y xav7gou x9f619 x1ypdohk xt0psk2 xe8uvvx xdj266r x11i5rnm xat24cr x1mh8g0r xexx8yu x4uap5 x18d9i69 xkhd6sd x16tdsg8 x1hl2dhg xggy1nq x1a2a7pz xt0b8zv x1qq9wsj xo1l8bm\" tabindex=\"0\" role=\"link\" href=\"https:\/\/www.facebook.com\/hashtag\/aogiadinh?__eep__=6&amp;__cft__[0]=AZW_wegapf08MeUV2CJ3ClYu7ZCWgrFLTA16YDfto4UbKXBYGX8b8cOS27wCuSOB9idJsRKNsd-aMJnrln2hFiHdUbvTYwfOkKtVzAlc_zpzhfkhErWkfa-GTUIoGcRrXCSnndJc7GbfvqQZWd_vd15tOlGGIw-Ri_0qVyDWMwzT1orfhnvwQQUbbb_xTr8hVbo&amp;__tn__=*NK-R\">#aogiadinh<\/a> <a class=\"x1i10hfl xjbqb8w x6umtig x1b1mbwd xaqea5y xav7gou x9f619 x1ypdohk xt0psk2 xe8uvvx xdj266r x11i5rnm xat24cr x1mh8g0r xexx8yu x4uap5 x18d9i69 xkhd6sd x16tdsg8 x1hl2dhg xggy1nq x1a2a7pz xt0b8zv x1qq9wsj xo1l8bm\" tabindex=\"0\" role=\"link\" href=\"https:\/\/www.facebook.com\/hashtag\/aointheotheoyeucau?__eep__=6&amp;__cft__[0]=AZW_wegapf08MeUV2CJ3ClYu7ZCWgrFLTA16YDfto4UbKXBYGX8b8cOS27wCuSOB9idJsRKNsd-aMJnrln2hFiHdUbvTYwfOkKtVzAlc_zpzhfkhErWkfa-GTUIoGcRrXCSnndJc7GbfvqQZWd_vd15tOlGGIw-Ri_0qVyDWMwzT1orfhnvwQQUbbb_xTr8hVbo&amp;__tn__=*NK-R\">#aointheotheoyeucau<\/a> <a class=\"x1i10hfl xjbqb8w x6umtig x1b1mbwd xaqea5y xav7gou x9f619 x1ypdohk xt0psk2 xe8uvvx xdj266r x11i5rnm xat24cr x1mh8g0r xexx8yu x4uap5 x18d9i69 xkhd6sd x16tdsg8 x1hl2dhg xggy1nq x1a2a7pz xt0b8zv x1qq9wsj xo1l8bm\" tabindex=\"0\" role=\"link\" href=\"https:\/\/www.facebook.com\/hashtag\/aonhom?__eep__=6&amp;__cft__[0]=AZW_wegapf08MeUV2CJ3ClYu7ZCWgrFLTA16YDfto4UbKXBYGX8b8cOS27wCuSOB9idJsRKNsd-aMJnrln2hFiHdUbvTYwfOkKtVzAlc_zpzhfkhErWkfa-GTUIoGcRrXCSnndJc7GbfvqQZWd_vd15tOlGGIw-Ri_0qVyDWMwzT1orfhnvwQQUbbb_xTr8hVbo&amp;__tn__=*NK-R\">#aonhom<\/a><\/div>\n","protected":false},"featured_media":14342,"comment_status":"open","ping_status":"closed","template":"","meta":[],"product_cat":[115,20],"product_tag":[],"class_list":{"0":"post-14341","1":"product","2":"type-product","3":"status-publish","4":"has-post-thumbnail","6":"product_cat-ao-ni-sweater-hoodie","7":"product_cat-dong-phuc-gia-dinh","9":"first","10":"instock","11":"sale","12":"shipping-taxable","13":"purchasable","14":"product-type-simple"},"jetpack_sharing_enabled":true,"_links":{"self":[{"href":"https:\/\/tiemaocole.com\/index.php?rest_route=\/wp\/v3\/product\/14341","targetHints":{"allow":["GET"]}}],"collection":[{"href":"https:\/\/tiemaocole.com\/index.php?rest_route=\/wp\/v3\/product"}],"about":[{"href":"https:\/\/tiemaocole.com\/index.php?rest_route=\/wp\/v2\/types\/product"}],"replies":[{"embeddable":true,"href":"https:\/\/tiemaocole.com\/index.php?rest_route=%2Fwp%2Fv2%2Fcomments&post=14341"}],"version-history":[{"count":1,"href":"https:\/\/tiemaocole.com\/index.php?rest_route=\/wp\/v3\/product\/14341\/revisions"}],"predecessor-version":[{"id":14343,"href":"https:\/\/tiemaocole.com\/index.php?rest_route=\/wp\/v3\/product\/14341\/revisions\/14343"}],"wp:featuredmedia":[{"embeddable":true,"href":"https:\/\/tiemaocole.com\/index.php?rest_route=\/wp\/v2\/media\/14342"}],"wp:attachment":[{"href":"https:\/\/tiemaocole.com\/index.php?rest_route=%2Fwp%2Fv2%2Fmedia&parent=14341"}],"wp:term":[{"taxonomy":"product_cat","embeddable":true,"href":"https:\/\/tiemaocole.com\/index.php?rest_route=%2Fwp%2Fv2%2Fproduct_cat&post=14341"},{"taxonomy":"product_tag","embeddable":true,"href":"https:\/\/tiemaocole.com\/index.php?rest_route=%2Fwp%2Fv2%2Fproduct_tag&post=14341"}],"curies":[{"name":"wp","href":"https:\/\/api.w.org\/{rel}","templated":true}]}}